f) + m(f). Calculate u(2).
5
Suppose k + p = 24, -k + 10 = 5*p - 22. Let n(r) = r**2 - 19*r - 72. Let j be n(k). Let t(b) = b + 5. Calculate t(j).
-1
Let b(a) = a**3 + 7*a**2 + 7*a + 4. Let j(z) = z**3 + 10*z**2 + 5. Let l be j(-10). Let t be (-429)/65 + (3 - 12/l). Give b(t).
-2
Suppose 4 = -4*s, 3*n = 2*s - 91 - 132. Let p = n + 85. Suppose 37*d - p = 35*d. Let q(b) = 3*b - 6. Determine q(d).
9
Let y(q) = q + 1. Let f be y(-3). Let r = f - -2. Let l(t) = 34*t**2 - 7*t - 5. Let n(p) = -91*p**2 + 19*p + 15. Let x(m) = -8*l(m) - 3*n(m). Determine x(r).
-5
Let s(r) = r**3 - 14*r**2 - 17*r - 17. Let g(k) = k**3 - 17*k**2 - 22*k - 15. Let n(h) = 2*g(h) - 3*s(h). What is n(9)?
3
Let i(l) = l**3 + 7*l**2 - 17*l + 4. Suppose -163*d = 1025 + 442. Calculate i(d).
-5
Let n(b) be the third derivative of b**4/12 + 7*b**3/6 + 4*b**2 + 18. What is n(10)?
27
Let q(r) be the third derivative of r**6/15 - r**5/60 + 50*r**2 + 5*r - 7. What is q(1)?
7
Let q(b) = -183*b + 2 + 555*b - 187*b - 189*b. Suppose -2*z = -g + 3*g - 14, -17 = 4*g - 5*z. Determine q(g).
-6
Let r(o) = 4*o - 1 + 49835*o**2 - 24918*o**2 - 24916*o**2. Give r(-3).
-4
Suppose 6*d - 4*d = 0. Let l(s) = -2 - 7 + d*s**2 + 3 - 4*s**2 - 5*s + s**3. Let r(b) = -5*b**2 + 63*b + 31. Let h be r(13). Give l(h).
-6
Let s(p) = -12*p**3 - 36. Let d(x) = -7*x**3 - 19. Let q(z) = -5*d(z) + 3*s(z). Calculate q(0).
-13
Let s(c) = 2*c**2 - 4*c. Let a(h) = -3*h**2 - 5*h + 7. Let d(w) = -6*w**2 - 8*w + 13. Let g(t) = 11*a(t) - 6*d(t). Let m(o) = -3*g(o) + 5*s(o). Give m(-4).
15
Let x be 2/(2/(-4)*-2) + 0. Let y(b) = 3*b**2 + 10*b - 6. Suppose -5*n = 41 - 6. Let r(g) = -g**2 - 3*g + 2. Let l(f) = n*r(f) - 2*y(f). What is l(x)?
4
Let n be 5/(-2 - (-36)/8). Suppose 4*k + 1 = k - n*s, 4*k = 5*s - 9. Let x(m) = 33 - 94 + 3*m + 30 + 30. Calculate x(k).
-4
Let c(t) = -3*t**2 + t. Suppose 0 = 2*p - 4*p + 5*y + 18, -19 = 3*p + 4*y. Let b(u) = -u**3 + 4*u**2 - 4*u + 4. Let z(w) = p*b(w) - c(w). Give z(3).
23
Let c be (-2 - 3/(-2))*-2. Let y(x) = -11*x + 1. Let d be y(c). Let w(k) = -3. Let n(i) = -i - 16. Let j(m) = -n(m) + 4*w(m). What is j(d)?
-6
Let l(c) = -6*c + 986 - 2*c + 3*c - 983 - 2*c. Determine l(0).
3
Suppose 0 = -2*i - 14 + 84. Let n = 45 - i. Let h(s) = 5*s + 7*s - n*s + s. Calculate h(4).
12
Let m(h) be the first derivative of -h**3 - 11*h**2/2 - 3*h - 6683. Give m(-4).
-7
Let t(a) = -a + 21. Let r(m) = 2*m - 4. Let z be r(-2). Let b be t(z). Let d(w) = 30*w - w**3 - 3*w**3 - b*w + 2*w**2 - 2*w**3. Determine d(-1).
7
Let k(m) be the first derivative of -31 - 1/3*m**3 + 5*m + 2*m**2. Let y be (2 + 5/(-3))*15. Determine k(y).
0
Let o(k) be the first derivative of k**4/2 + 13*k**3/3 - 3*k**2/2 - 19*k + 4022. What is o(-6)?
35
Let h(p) = 2*p**3 + 8*p**2 + 4*p - 8. Let c = 11388 - 11393. Give h(c).
-78
Suppose 0 = 4*f + z - 2*z - 455, -5*z = 3*f - 324. Let y = 110 - f. Let w(r) = r**2 - 3*r - 1. Give w(y).
17
Let c(n) be the first derivative of 0*n + 24 - 1/2*n**2. Suppose 2*z = z + 6. Give c(z).
-6
Let s be 22/(-4)*(-309)/1133. Let p(l) be the first derivative of s*l**2 + 14 - 7*l. What is p(5)?
8
Let b(l) = l**2 - 18*l + 37. Let h = 4713 + -4697. Determine b(h).
5
Let d(g) be the second derivative of -10*g**3/3 + 5*g**2/2 - 2444*g. What is d(3)?
-55
Let p be (0 + -1)/(9/2097). Let n = p + 242. Let d(z) = -z**3 + 9*z**2 - 1. Determine d(n).
-1
Let f(c) = 6*c**2 + 122*c - 78. Let w be f(-21). Let x(n) = -6*n + 25. Calculate x(w).
-11
Let j(u) be the second derivative of -1/3*u**3 + 0 + 5/2*u**2 + 16*u. Give j(-4).
13
Let c be 12/(-4 - -1) - -5. Let g be (0/(-4))/(-4) - (c - 36). Let b = g + -34. Let t(l) = -11*l**2 + 2*l - 1. What is t(b)?
-10
Let t(y) be the second derivative of y**6/36 + y**5/120 + 49*y**3/2 + 17*y. Let z(o) be the second derivative of t(o). Give z(-1).
9
Let w(d) = 2*d**3 - 3*d - 2. Let k = -11522 + 11519. Give w(k).
-47
Let c(g) = 10 - g**2 + 18*g + 2 - 4. Let s = 24639 + -24621. What is c(s)?
8
Let z(o) = o + 1. Let b(w) = -4*w - 3. Suppose 3*r = -9*r - 36. Let j be (r - 14/(-4))*-2. Let f(m) = j*b(m) - 2*z(m). Give f(-2).
-3
Let g be 26/(-5) + (-6 - 93/(-15)). Let d(f) be the third derivative of f**5/60 - f**3/3 + f**2. Calculate d(g).
23
Suppose -2*x - 5*f + 22 = 0, 5*x - 2*f + 1 = -2. Let j(q) = -x - 1 - 3 + 1 + 5*q - q**2. Let b be 21/(-56) - 129/(-24). Calculate j(b).
-4
Suppose 3*s + q = 72, 4*q = s - 4*s + 63. Let h be 84/70 + (-5)/s. Let y(z) = z**2. Determine y(h).
1
Let i(f) = -2*f**3 + 13*f**2 + 13*f - 8. Let j(z) = z**3 - 7*z**2 - 7*z + 4. Let x(d) = -4*i(d) - 7*j(d). Suppose 0 = -4*k + 5*u - 13, 5*u - 15 = 10. Give x(k).
-5
Let l(u) be the first derivative of -u**2/2 - 5*u - 240. Let g(w) = w + 2. Let m be g(-5). Let y be m/(-1) - (-7)/(-1). Calculate l(y).
-1
Let z(y) = -355*y + 2853. Let k be z(8). Let f(m) = 10*m - 52. Determine f(k).
78
Let x(u) = -8*u**2 + 47*u - 2. Let d be x(6). Let n(w) = -w**2 - 14*w - 25. Give n(d).
23
Let l(w) = -w**2 + 2*w + 4*w**2 - 5*w**2 - 5*w**2 - 1. Suppose -4*b - 2 = -2*g, 213*b = 211*b - 5*g + 29. Give l(b).
-25
Let r(f) be the third derivative of -f**6/120 + 3*f**5/20 + 7*f**4/12 - 7*f**3/3 - f**2 - 135*f. Give r(10).
26
Let x be (-6)/15 - (-6)/15. Let w(y) = y**3 - y**2 - 11*y. Give w(x).
0
Let f(d) = 6*d + 13. Suppose 35*w - 32*w + 15 = 3*y, 0 = -4*y. What is f(w)?
-17
Let v(a) = a**3 + 5*a**2 - 5*a + 2. Suppose 4*x - 4 = -n, -33 = -2*n - 4*x - 5. Let f = 18 - n. Calculate v(f).
-4
Let j(n) = n**3 + 9*n**2 - 10*n + 4. Let u be j(-10). Let g(b) = 7*b - 18. Determine g(u).
10
Let o(i) be the second derivative of i**6/360 + i**4/24 - 109*i**3/6 + 24*i. Let h(c) be the second derivative of o(c). Calculate h(0).
1
Let p(i) = -30*i + 107. Let u(r) = -5*r + 1. Let b(j) = -p(j) + 5*u(j). Let d be b(19). Let y(c) = -c**3 - 8*c**2 - 6*c + 4. Give y(d).
-3
Let v = -63 - -78. Let p = v - 12. Suppose 6*x + p*f + 16 = 2*x, x - 5*f = -4. Let i(b) = b**2 + 6*b + 4. Give i(x).
-4
Let v(i) = 7*i - 52. Let g(y) = 8*y - 62. Let f(s) = 6*g(s) - 7*v(s). Suppose -3*o = -0*o + 5*c - 39, 5*o = -4*c + 52. Determine f(o).
-16
Let q be (-1 + 0)/((-1)/2). Suppose 3 + q = c, 2*y - 5*c = -19. Let m(i) = i**2 - 3 - 9*i + 4 + 2 + 7*i. Determine m(y).
6
Let z = 45 + 11. Let n = z - 38. Suppose 0 = n*c - 15*c - 18. Let l(t) = -t**3 + 6*t**2 + 2*t - 3. Determine l(c).
9
Let k(h) = 1 + 30*h**2 - 13*h**2 + h**3 + 6*h - 25*h**2. Let g(x) = x**2 - 2. Let j be (-2)/(2 + -8)*9. Let d be g(j). Give k(d).
-6
Suppose -2*a = -4*a - 8, 3*d - 4*a = 40. Let h be d/(-6)*(-27)/18. Let y(u) = -u - 119*u**2 + 3*u**3 - 8 + 124*u**2 - 5*u - h*u**3. Give y(-6).
-8
Let d be ((-45)/(-30))/((-1)/(-2)). Let t(w) = -d*w + 14*w + 1 - w - w. Give t(-1).
-8
Suppose 2*k - 3*k + 4 = 0. Suppose k*i - 112 = -120. Let g(s) = 4*s - 2. What is g(i)?
-10
Let l(r) = -3*r**3 + 1374331*r - 1 - 30*r**2 - 1374331*r. What is l(-10)?
-1
Let f(q) = 57*q - 342. Let v be f(6). Let m(z) = -6*z**2 - 2*z - 5. Determine m(v).
-5
Let t(h) = -7*h + 2*h + 2*h - 3 + h**2. Suppose 0 = -2*s - 5*o + 38, 21*s - 24*s + 3*o = 6. Give t(s).
1
Let b(r) = -3*r**3 - r + 7. Let q(f) = 8*f**3 + 3*f - 20. Let v(c) = -11*b(c) - 4*q(c). Let w(z) = z**3 + 7*z**2 - 99*z + 7. Let u be w(7). Calculate v(u).
3
Let m(v) = 52*v**3 + 4*v + 8*v + 66*v**3 - 183*v**3 + 66*v**3 - 9*v**2. Determine m(8).
32
Let f = 194 - 191. Let r(c) be the third derivative of -c**6/360 - c**5/120 + c**4/4 + 8*c**2. Let i(y) be the second derivative of r(y). Determine i(f).
-7
Suppose -8 = 12*t + 40. Let z(p) = -9 + 8*p**2 - 3*p**2 - 2*p**2 - 7*p + 3 + p**3. Determine z(t).
6
Let z(n) = 42*n - 2. Let d(r) = -42*r + 2. Let k(m) = 4*d(m) + 5*z(m). Determine k(-1).
-44
Let o(f) = 2*f**3 + 2*f**2 - 3*f + 4. Let h(j) = 4*j**3 + 4*j**2 - 7*j + 9. Let x(k) = -6*h(k) + 13*o(k). What is x(-4)?
-110
Let m(b) be the second derivative of -b**4/12 + b**3/3 - b**2/2 + 162*b. Let a = -15 + 15. Suppose a = w + z - 6*z + 24, 0 = z - 5. Give m(w).
0
Let o(z) be the second derivative of -z**3/3 + 26*z**2 + z. Let c be o(22). Let t(x) = 1 + 4*x + c*x + 4*x. Calculate t(1).
17
Let i be ((-3)/(21/(-4)))/((-10)/(-35)). Let d(r) = -30*r**3 + i*r**2 + 17*r**3 + 2*r + 14*r**3 + 1. Let j = 12 - 14. Determine d(j).
-3
Let d(n) = n**3 + 4*n**2 + 2. Let x be 90/495 - (-260)/22. Suppose 22*u = x*u - 